{"id":15,"date":"2017-01-30T18:51:06","date_gmt":"2017-01-30T17:51:06","guid":{"rendered":"http:\/\/mpca-tonybeaugrand.com\/?page_id=15"},"modified":"2021-10-15T16:25:35","modified_gmt":"2021-10-15T14:25:35","slug":"accueil","status":"publish","type":"page","link":"https:\/\/mpca-tonybeaugrand.com\/","title":{"rendered":"Accueil"},"content":{"rendered":"<div class=\"centrer\" style=\"text-align: center;\"><div aria-live=\"polite\" id=\"soliloquy-container-120_1\" class=\"soliloquy-container soliloquy-transition-fade  soliloquy-theme-base\" style=\"max-width:1110px;max-height:536px;\"><ul id=\"soliloquy-120_1\" class=\"soliloquy-slider soliloquy-slides soliloquy-wrap soliloquy-clear\"><li aria-hidden=\"true\" class=\"soliloquy-item soliloquy-item-1 soliloquy-image-slide\" draggable=\"false\" style=\"list-style:none\"><img id=\"soliloquy-image-190\" class=\"soliloquy-image soliloquy-image-1\" src=\"https:\/\/mpca-tonybeaugrand.com\/wp-content\/uploads\/2017\/05\/Bandeau2-1110x536_c.jpg\" alt=\"Bandeau2\" \/><\/li><li aria-hidden=\"true\" class=\"soliloquy-item soliloquy-item-2 soliloquy-image-slide\" draggable=\"false\" style=\"list-style:none\"><img id=\"soliloquy-image-354\" class=\"soliloquy-image soliloquy-image-2\" src=\"https:\/\/mpca-tonybeaugrand.com\/wp-content\/uploads\/2022\/05\/IMG_1398-scaled-2-1110x536_c.jpg\" alt=\"IMG_1398-scaled\" \/><\/li><li aria-hidden=\"true\" class=\"soliloquy-item soliloquy-item-3 soliloquy-image-slide\" draggable=\"false\" style=\"list-style:none\"><img id=\"soliloquy-image-189\" class=\"soliloquy-image soliloquy-image-3\" src=\"https:\/\/mpca-tonybeaugrand.com\/wp-content\/uploads\/2017\/05\/bandeau1-1110x536_c.jpg\" alt=\"bandeau1\" \/><\/li><li aria-hidden=\"true\" class=\"soliloquy-item soliloquy-item-4 soliloquy-image-slide\" draggable=\"false\" style=\"list-style:none\"><img id=\"soliloquy-image-355\" class=\"soliloquy-image soliloquy-image-4\" src=\"https:\/\/mpca-tonybeaugrand.com\/wp-content\/uploads\/2022\/05\/IMG_3359-scaled-2-1110x536_c.jpg\" alt=\"IMG_3359-scaled\" \/><\/li><li aria-hidden=\"true\" class=\"soliloquy-item soliloquy-item-5 soliloquy-image-slide\" draggable=\"false\" style=\"list-style:none\"><img id=\"soliloquy-image-188\" class=\"soliloquy-image soliloquy-image-5\" src=\"https:\/\/mpca-tonybeaugrand.com\/wp-content\/uploads\/2017\/05\/Bandeau4-1110x536_c.jpg\" alt=\"Bandeau4\" \/><\/li><li aria-hidden=\"true\" class=\"soliloquy-item soliloquy-item-6 soliloquy-image-slide\" draggable=\"false\" style=\"list-style:none\"><img id=\"soliloquy-image-356\" class=\"soliloquy-image soliloquy-image-6\" src=\"https:\/\/mpca-tonybeaugrand.com\/wp-content\/uploads\/2022\/05\/IMG_3297-scaled-2-1110x536_c.jpg\" alt=\"IMG_3297-scaled\" \/><\/li><li aria-hidden=\"true\" class=\"soliloquy-item soliloquy-item-7 soliloquy-image-slide\" draggable=\"false\" style=\"list-style:none\"><img id=\"soliloquy-image-187\" class=\"soliloquy-image soliloquy-image-7\" src=\"https:\/\/mpca-tonybeaugrand.com\/wp-content\/uploads\/2017\/05\/Bandeau3-1110x536_c.jpg\" alt=\"Bandeau3\" \/><\/li><\/ul><\/div><noscript><style type=\"text\/css\">#soliloquy-container-120_1{opacity:1}<\/style><\/noscript><\/div>\n<div class=\"centrer\" style=\"text-align: center; padding: 20px;\"><\/div>\n<p><span style=\"font-size: 18pt; font-family: Georgia,Palatino;\">Moniteur de pilotage automobile dipl\u00f4m\u00e9 BP JEPS depuis 2014, je vous invite sur mon site \u00e0 d\u00e9couvrir les diff\u00e9rents services que je propose. En r\u00e9el ou en virtuel, profitez de mon exp\u00e9rience acquise depuis plus de dix ans sur les diff\u00e9rents circuits fran\u00e7ais et europ\u00e9ens.<\/span><\/p>\n<hr>\n<p><a href=\"http:\/\/mpca-tonybeaugrand.com\/wp-content\/uploads\/2017\/03\/slide_994A1547.jpg\"><img loading=\"lazy\" class=\"alignnone wp-image-150\" src=\"http:\/\/mpca-tonybeaugrand.com\/wp-content\/uploads\/2017\/03\/slide_994A1547-300x200.jpg\" alt=\"\" width=\"333\" height=\"222\" srcset=\"https:\/\/mpca-tonybeaugrand.com\/wp-content\/uploads\/2017\/03\/slide_994A1547-300x200.jpg 300w, https:\/\/mpca-tonybeaugrand.com\/wp-content\/uploads\/2017\/03\/slide_994A1547-768x512.jpg 768w, https:\/\/mpca-tonybeaugrand.com\/wp-content\/uploads\/2017\/03\/slide_994A1547.jpg 1024w, https:\/\/mpca-tonybeaugrand.com\/wp-content\/uploads\/2017\/03\/slide_994A1547-750x500.jpg 750w\" sizes=\"(max-width: 333px) 100vw, 333px\" \/><\/a>&nbsp;&nbsp; &nbsp; &nbsp; &nbsp;&nbsp;&nbsp; &nbsp; &nbsp;&nbsp; &nbsp; <a href=\"http:\/\/mpca-tonybeaugrand.com\/wp-content\/uploads\/2017\/03\/slide_D_PELL-0093.jpg\"><img loading=\"lazy\" class=\"alignnone wp-image-155\" src=\"http:\/\/mpca-tonybeaugrand.com\/wp-content\/uploads\/2017\/03\/slide_D_PELL-0093.jpg\" alt=\"\" width=\"333\" height=\"222\" srcset=\"https:\/\/mpca-tonybeaugrand.com\/wp-content\/uploads\/2017\/03\/slide_D_PELL-0093.jpg 1024w, https:\/\/mpca-tonybeaugrand.com\/wp-content\/uploads\/2017\/03\/slide_D_PELL-0093-300x200.jpg 300w, https:\/\/mpca-tonybeaugrand.com\/wp-content\/uploads\/2017\/03\/slide_D_PELL-0093-768x512.jpg 768w, https:\/\/mpca-tonybeaugrand.com\/wp-content\/uploads\/2017\/03\/slide_D_PELL-0093-750x500.jpg 750w\" sizes=\"(max-width: 333px) 100vw, 333px\" \/><\/a> &nbsp; &nbsp; &nbsp; &nbsp; &nbsp;&nbsp;&nbsp;&nbsp;&nbsp;&nbsp;&nbsp; <img loading=\"lazy\" class=\"alignnone wp-image-149\" src=\"http:\/\/mpca-tonybeaugrand.com\/wp-content\/uploads\/2017\/03\/slide_IMG_4834-300x200.jpg\" alt=\"\" width=\"333\" height=\"222\" srcset=\"https:\/\/mpca-tonybeaugrand.com\/wp-content\/uploads\/2017\/03\/slide_IMG_4834-300x200.jpg 300w, https:\/\/mpca-tonybeaugrand.com\/wp-content\/uploads\/2017\/03\/slide_IMG_4834-768x512.jpg 768w, https:\/\/mpca-tonybeaugrand.com\/wp-content\/uploads\/2017\/03\/slide_IMG_4834.jpg 1024w, https:\/\/mpca-tonybeaugrand.com\/wp-content\/uploads\/2017\/03\/slide_IMG_4834-750x500.jpg 750w\" sizes=\"(max-width: 333px) 100vw, 333px\" \/><\/p>\n","protected":false},"excerpt":{"rendered":"<p>Moniteur de pilotage automobile dipl\u00f4m\u00e9 BP JEPS depuis 2014, je vous invite sur mon site \u00e0 d\u00e9couvrir les diff\u00e9rents services que je propose. En r\u00e9el ou en virtuel, profitez de mon exp\u00e9rience acquise depuis plus de dix ans sur les diff\u00e9rents circuits fran\u00e7ais et europ\u00e9ens. &nbsp;&nbsp; &nbsp; &nbsp; &nbsp;&nbsp;&nbsp; &nbsp; &nbsp;&nbsp; &nbsp; &nbsp; &nbsp; &nbsp; <a href=\"https:\/\/mpca-tonybeaugrand.com\/\" rel=\"nofollow\"><span class=\"sr-only\">Read more about Accueil<\/span>[&hellip;]<\/a><\/p>\n","protected":false},"author":3,"featured_media":0,"parent":0,"menu_order":0,"comment_status":"closed","ping_status":"closed","template":"","meta":[],"_links":{"self":[{"href":"https:\/\/mpca-tonybeaugrand.com\/index.php\/wp-json\/wp\/v2\/pages\/15"}],"collection":[{"href":"https:\/\/mpca-tonybeaugrand.com\/index.php\/wp-json\/wp\/v2\/pages"}],"about":[{"href":"https:\/\/mpca-tonybeaugrand.com\/index.php\/wp-json\/wp\/v2\/types\/page"}],"author":[{"embeddable":true,"href":"https:\/\/mpca-tonybeaugrand.com\/index.php\/wp-json\/wp\/v2\/users\/3"}],"replies":[{"embeddable":true,"href":"https:\/\/mpca-tonybeaugrand.com\/index.php\/wp-json\/wp\/v2\/comments?post=15"}],"version-history":[{"count":26,"href":"https:\/\/mpca-tonybeaugrand.com\/index.php\/wp-json\/wp\/v2\/pages\/15\/revisions"}],"predecessor-version":[{"id":335,"href":"https:\/\/mpca-tonybeaugrand.com\/index.php\/wp-json\/wp\/v2\/pages\/15\/revisions\/335"}],"wp:attachment":[{"href":"https:\/\/mpca-tonybeaugrand.com\/index.php\/wp-json\/wp\/v2\/media?parent=15"}],"curies":[{"name":"wp","href":"https:\/\/api.w.org\/{rel}","templated":true}]}}